st common factor of d and q.
5
Suppose -263*l + 273*l = 330. Calculate the highest common factor of 2343 and l.
33
Let y = 5 + -79. Let b = -60 - y. What is the greatest common divisor of b and 14?
14
Let x be 5/((5/35)/(0 + -1)*-1). Calculate the highest common factor of x and 273.
7
Suppose -643 = -3*h - d, 0*h + 3*d = -h + 201. What is the greatest common divisor of h and 576?
72
Let i be (23 - 18) + 3 + 10. What is the highest common divisor of i and 387?
9
Suppose -618*w - 5*d = -619*w + 12170, -3*w = 3*d - 36600. What is the highest common factor of 90 and w?
45
Let h be (-6 + -4 + 2)*7395/(-290). What is the greatest common factor of 1564 and h?
68
Let x(n) be the first derivative of -n**2/2 - 9*n - 8. Let y be x(-9). Suppose 7*t - 5*t - 256 = y. Calculate the greatest common divisor of t and 16.
16
Suppose 22190*q = 22159*q + 168888. Calculate the greatest common factor of q and 48.
24
Let d(p) = -p**3 - 13*p**2 - 35*p - 269. Let i be d(-12). Calculate the highest common divisor of i and 217.
7
Let x(t) = 266*t - 3371. Let v be x(28). Calculate the highest common divisor of 755 and v.
151
Suppose -289 = 6*c - 1177. Suppose 5*z = c + 182. Calculate the greatest common factor of z and 363.
33
Let a be ((-3)/(-1))/(1/1). Let g = -24 + 107. Let t = g - 82. What is the highest common divisor of a and t?
1
Let w be -2*-15*(-963)/(-54). What is the greatest common factor of w and 428?
107
Let k = 7540 + 881. Suppose 16*v - k - 1963 = 0. What is the greatest common factor of 11 and v?
11
Let n = 19 - 72. Let i = 136 + n. Let u = i - 44. What is the greatest common divisor of u and 13?
13
Let v = -11014 + 11037. Let t be (4/6)/(6/27). What is the greatest common factor of v and t?
1
Suppose -n - 4*n + 20 = 3*q, 4*n - 16 = 5*q. Suppose -7*b - n*c + 5 = -6*b, 2*b - 5*c = 75. Calculate the highest common divisor of 75 and b.
25
Let b(f) = -7 + 69 + 13*f + 75 + 11. Let g be b(0). Calculate the highest common divisor of 37 and g.
37
Suppose 31*u - 20*u - 1155 = 0. Calculate the highest common divisor of 420 and u.
105
Suppose 945 = -2*v + 17*v. Suppose f + 672 = 4*o - 2105, f + 2084 = 3*o. Calculate the highest common factor of o and v.
63
Let n be (2208/(-21) - (-14)/(-49))/(71/(-497)). Suppose 4*f + 21 = 165. What is the highest common divisor of n and f?
18
Let n be ((-42)/4)/((-81)/72*(-2)/(-12)). What is the highest common factor of 1048 and n?
8
Let j = -7331 + 7457. Calculate the greatest common factor of 198 and j.
18
Let f be 32/(-112) + (-37890)/(-21) + -2. What is the highest common divisor of f and 106?
106
Let w be (-30909)/(-27) - (-64)/288. Calculate the highest common divisor of w and 916.
229
Let q(a) = -2*a + 47. Let z be q(21). Let v(r) = 3*r**3 - 4*r**2 - 3*r + 27. Let y be v(z). What is the highest common divisor of 7 and y?
7
Let q(m) = -2*m**2 - 43*m - 57. Let t be q(-20). Let c be (-5 + t)*2145/(-22). Calculate the highest common factor of c and 52.
13
Let k(j) = 771*j + 146. Let b be k(2). Calculate the highest common factor of b and 8.
8
Let c = -1495 + 1535. Calculate the greatest common factor of c and 2200.
40
Let a = 3412 + -230. Calculate the highest common divisor of 258 and a.
86
Let v(f) = 24*f - 3. Let k be v(2). Let l(d) = 3*d + 114. Let s be l(-13). Let m be 4*(s/(-20) - -5). Calculate the greatest common factor of k and m.
5
Let r(a) = a - 72. Let o be r(25). Let y = 56 + o. Suppose -2*n - 5*f = -105, -3*f + 44 = n - 10. Calculate the highest common factor of n and y.
9
Suppose 2*u = 5*f + 177, 309 = 4*u + 29*f - 24*f. Calculate the greatest common factor of 54 and u.
27
Suppose 0 = 1977*t - 1979*t + 6. Let p be (t*(0 - 1))/(137 - 138). What is the highest common factor of 75 and p?
3
Let d = -49 + 54. Suppose j + 3*u - 29 = -2*u, d*j - 3*u = 33. Let z be (-6)/4 + (-2328)/(-16). What is the highest common divisor of z and j?
9
Let m(b) = -b**2 + 9*b + 8. Let r be m(0). Let q(t) = -t**3 + 6*t**2 + 40*t - 77. Let a be q(9). Calculate the greatest common divisor of r and a.
8
Let y(z) = -6*z - 21. Let r(h) = 3*h + 11. Let j(b) = -5*r(b) - 3*y(b). Let g be j(3). Let p = g - 11. Calculate the highest common factor of p and 24.
6
Let c be (-4)/(-10) + 1104/(-10). Let i = c - -108. Let z(g) = -18*g**3 + 2*g**2 + 6*g + 4. Let a be z(i). What is the highest common factor of a and 16?
16
Let p be (-1052)/(-10) - (-2 - (-128)/40). What is the greatest common factor of p and 2158?
26
Suppose -6*b = -5*v + 696, 4*v - 3*b - 179 = 367. Calculate the highest common divisor of 7458 and v.
66
Let x(n) = 2*n**2 + n - 1. Let i be x(3). Suppose 3*r - 4*w - 93 = 0, -r = -w - 56 + 24. What is the highest common divisor of i and r?
5
Let r = -325 - -277. Let x = r + 86. Let q be ((-95)/(-4))/(2/8). Calculate the highest common factor of q and x.
19
Let s be 18/(-4) + (-3)/6. Suppose 2*n = -n - 9. Let y be (-4)/s - (-2 - n)/(-5). What is the highest common divisor of 11 and y?
1
Let g(l) = -2*l**3 + 77*l**2 - 32*l - 130. Let c be g(38). Calculate the greatest common divisor of c and 60074.
98
Suppose -2*l = 3*l - 540. Suppose -l = -4*o + 28. Suppose -428 = -11*c + o. What is the greatest common factor of c and 14?
14
Let c be 9/(3 - 0) + 18. Suppose 0*w + 8*w = 840. Suppose y + 0 = w. Calculate the greatest common divisor of y and c.
21
Suppose 7*p = 10*p - 168. Let n be ((-639)/6)/((-12)/p). What is the greatest common factor of n and 71?
71
Let m be (13/39 - -1)*(-1254)/(-4). What is the greatest common divisor of m and 88?
22
Suppose 2*k - 4*x - 46 = 0, -85 = -5*k - 235*x + 240*x. Let c(q) = -q**3 - 10*q**2 - 5*q. Let h be c(-11). What is the greatest common factor of h and k?
11
Let z be (-5)/(-11) + 493284/17908. Suppose 6*p - 28 = 5*p. Calculate the greatest common factor of z and p.
28
Let c = -78 + 122. Suppose 3*l + l = 24. Suppose 0 = 2*t + 5*s - 23, t - l - 1 = -s. Calculate the highest common divisor of t and c.
4
Suppose -v - 5*w + 35 = 0, 10*w - 260 = -4*v + 14*w. Suppose -5*k = -4*k. Suppose k = 5*i - i - 360. Calculate the greatest common factor of i and v.
30
Suppose -12*t + 138 = 11*t. Let p(y) = 5*y - 4*y - 1 + y**2 - y - 2*y. Let h be p(-1). Calculate the highest common divisor of t and h.
2
Let h be (-17)/(85/(-35)) + 1406. Calculate the highest common factor of h and 6280.
157
Let y(t) = 15*t - 5. Let q be y(7). Let b(a) = 3*a**2 + 63*a - 65. Let i be b(-21). Let j = -40 - i. What is the highest common divisor of j and q?
25
Let z be (0 + -156)*((-20)/3 - 115/(-23)). Suppose 2*g - 3*d - 80 = 0, 4*g - d - 135 - 25 = 0. What is the greatest common factor of z and g?
20
Let z be 1*(-118)/(1 - 0 - 0). Let o = z + 156. What is the highest common divisor of 76 and o?
38
Suppose -5*b = -5*l - 689 - 31, -168 = -b + 5*l. What is the greatest common factor of 30 and b?
6
Let g(v) = 6*v - 32. Let a = -22 + 28. Let c be g(a). Calculate the greatest common divisor of 32 and c.
4
Suppose 91*s = 2060 + 2126. Let h = 9 - -129. What is the highest common divisor of h and s?
46
Let a = 292 - 152. Suppose -7*p = -2*p + 5*r - a, -5*r = -5. Suppose 0*v = -2*v + 594. Calculate the greatest common factor of v and p.
27
Let r(l) = 147*l - 1108. Let j be r(8). Calculate the highest common divisor of 216 and j.
4
Suppose -h = l - 708, -83*l + 82*l = 2*h - 714. Calculate the highest common factor of l and 468.
234
Let m be (0/(-3) + 0)*3/6. Suppose 25 = 3*z - c, z + 1 = -m*z - 2*c. Calculate the greatest common factor of z and 7.
7
Let f = -44 + 47. Suppose f*d - 2*d + v - 119 = 0, -4*d - v = -470. Let m be ((-2)/9)/((-2)/3)*d. What is the greatest common factor of m and 26?
13
Let o(t) = t**2 - 5*t + 3. Let p be o(6). Suppose -32*y + 15215 = -22513. Calculate the greatest common factor of p and y.
9
Suppose -14*f + 11904 = 21*f - 4*f. What is the greatest common divisor of 3336 and f?
24
Suppose -6*i - 17 = -197. Let y = -31 + i. Let k be (-579)/(-39) - ((-33)/(-39) + y). Calculate the greatest common divisor of 75 and k.
15
Let b = -658 - -679. Suppose -495 = -b*h + 12*h. What is the highest common divisor of h and 33?
11
Suppose 3*k + 6 + 228 = 16*k. What is the highest common factor of 124 and k?
2
Let i(r) = -4*r**2 - 9*r - 6. Let q be i(-1). Let j be 414 - (q + 5 + 5 + -9). What is the greatest common factor of 46 and j?
46
Suppos